h = 11 - x. What are the prime factors of h?
2, 3
Let f(z) = -z**2 - 5*z - 2. Let p be f(-5). What are the prime factors of (3 + p)/(2/20)?
2, 5
Suppose 5*i = 5*w - 300, -w + 8 = 5*i - 40. Suppose 3*h - 4*h = -2*l - 36, 0 = -4*l - 5*h - w. Let t = -8 - l. List the prime factors of t.
3
Let i = 479 - 269. List the prime factors of i.
2, 3, 5, 7
Let h(a) = 2*a**2 - 3*a - 19. List the prime factors of h(8).
5, 17
Let w(r) = 3*r**2 + r - 4. Suppose -5*o - 7 = 3*y, 10 = -2*y + 2*o - 0. Let i be w(y). Suppose 76 = 4*z - k - 2*k, i = 2*z - k. List the prime factors of z.
2, 11
Let t = -29 - -41. Let k(r) = -2*r - 2. Let h be k(-4). Suppose -4*z + y = -28, -3*y = -z + h + t. List the prime factors of z.
2, 3
Let a(n) = -2*n**2 + 3*n - 3. Let u be a(2). Let v = u + 5. Let l(h) = h + 7. What are the prime factors of l(v)?
7
Let r(v) = -2*v - 5. Let n be r(-4). Suppose n*z - 5*z = 24. Let c = z + 21. List the prime factors of c.
3
Suppose -4*a = -y - 25, -3*y = -y + 5*a + 37. Suppose -58 = -4*s + 6*s. Let n = y - s. What are the prime factors of n?
2
Let c(l) = l**3 + 2*l**2 - l. Let d be c(1). Suppose d*w = 10 + 8. Suppose 0 = -y + w. What are the prime factors of y?
3
Let m(s) = s**2 + s - 1. Let i be m(2). Suppose -2*w + 48 = -i*w. List the prime factors of ((-18)/8)/(3/w).
2, 3
Let m be 0/(1/((-4)/(-4))). Suppose -2*y + y + 6 = m. List the prime factors of y.
2, 3
Suppose -4*h = -3*k + 112, -2*k - 3*h - 172 = -7*k. List the prime factors of k.
2
Suppose 3*g + j - 258 = -0*j, -9 = -3*j. List the prime factors of g.
5, 17
Suppose -10 = -s + 3*s, 4*p = 5*s + 25. Suppose -u + 50 = 5*y, 4*y + 5 = u - p*y. What are the prime factors of u?
5
Let i(m) = 12*m - 1. Let z be i(3). Suppose -16 - z = 3*a. Let f = a - -29. List the prime factors of f.
2, 3
Let g = 18 + -18. Suppose g = -4*i - 4*j - j + 170, -208 = -5*i - 4*j. List the prime factors of i.
2, 5
Suppose 13 = -v + 38. List the prime factors of v.
5
Suppose -2*d + 3*j + 195 = 0, -4*j - 8 = -d + 87. What are the prime factors of d?
3, 11
Suppose -5*z + 36 = -4. What are the prime factors of z?
2
Suppose -3*k + 4 = -11. Let y(c) = -k*c + c - 1 - 1. List the prime factors of y(-3).
2, 5
Let t(j) = 2*j**2 + 17*j - 9. What are the prime factors of t(-12)?
3, 5
Let p be (-4)/(0 - 8/(-44)). Let a = 33 + p. What are the prime factors of a?
11
Let q be (-2)/(-13) - 140/65. Let b(h) = -h**2 - 5*h - 5. Let c be b(-6). Let u = q - c. What are the prime factors of u?
3
Let r be 65/9 + 2/(-9). Let t = 13 - r. Let l(x) = x**2 - 4*x - 6. List the prime factors of l(t).
2, 3
Suppose 5*c - 175 = 5*j, -4*c + 5*j + 152 - 9 = 0. List the prime factors of c.
2
Let b = 70 + -28. Suppose -5*r - w = -108, 3*r + b = 5*r + w. What are the prime factors of r?
2, 11
Let r(u) = -6 + 8*u + 0*u + 4*u - 3*u. What are the prime factors of r(5)?
3, 13
Let p = 3 - 1. Suppose 4*m + o - 6 = m, 0 = 5*o. List the prime factors of 41/m - 1/p.
2, 5
Let f(m) = -3*m + 184. What are the prime factors of f(0)?
2, 23
Suppose 0 = -5*z + 10, -3*f + 12 + 7 = -z. Suppose -f*g + 30 = -2*g. What are the prime factors of g?
2, 3
Suppose 0 = 2*u - 2*g - 6, 31 = 5*u + 3*g - 0*g. List the prime factors of u.
5
Let f(v) = v**2 - 2*v + 1. Let a be f(5). Let u = 27 - a. List the prime factors of u.
11
Suppose -m + 6*m - 4*j = 353, 4*m - 4*j = 280. List the prime factors of m.
73
Suppose -3*w = -2*w + 5*x - 39, 114 = 4*w - x. List the prime factors of w.
29
Let l(d) = -9*d - 1. Let q be l(2). Let k(t) = -t - 4. Let z be k(5). Let h = z - q. What are the prime factors of h?
2, 5
Let g(p) = 2*p - 2*p - 4*p + 0 + 1. Let x be g(-8). Suppose -3*o - 6 = -x. List the prime factors of o.
3
Suppose -c + 25 = 4*q - 36, -2*c = q - 115. List the prime factors of c.
3, 19
Let p = -102 - -114. Let q = -32 - -59. Let b = q - p. List the prime factors of b.
3, 5
Let m be 98/3 + 8/(-12). Suppose -5*q - m + 3 = -2*a, 0 = 5*a - 5*q - 65. What are the prime factors of a?
2, 3
Suppose 5*d = 5*l + d - 277, d = -l + 59. What are the prime factors of l?
3, 19
Suppose 9*h + 1000 = 14*h. List the prime factors of h.
2, 5
Suppose 191 + 145 = 3*r. What are the prime factors of r?
2, 7
Let p(c) = 4*c**2 + 11*c + 1. Let j(k) = 9*k**2 + 23*k + 2. Let t(d) = 3*j(d) - 7*p(d). List the prime factors of t(-7).
2, 3
Let a(r) = 2*r**2 - 3*r + 3. List the prime factors of a(-4).
47
Let b = -11 - -41. What are the prime factors of b?
2, 3, 5
Let q(k) = k**3 - k - 1. Let t(n) = 2*n**3 + 5*n**2 + 7*n + 8. Let a(h) = q(h) - t(h). Let d be a(-6). Suppose -3*i = 27 - d. List the prime factors of i.
2
Let l(x) = -41*x - 8. What are the prime factors of l(-5)?
197
Suppose 578 = 5*a - i, 158 - 52 = a + 3*i. What are the prime factors of -2 - -2 - a/(-5)?
23
Let u(l) = l**2 + 14*l - 24. What are the prime factors of u(-17)?
3
Let b(l) = -6*l - 91. List the prime factors of b(-20).
29
Let z(c) = -3*c + 5. Let f be (3/2)/((-6)/32). What are the prime factors of z(f)?
29
Let b = 12 + -7. List the prime factors of (-3)/(-5) + 47/b.
2, 5
Let j(p) = -p**2 + 5*p + 8. Let a be j(6). Suppose a*t - 22 = -6*k + 3*k, 3*t - 4*k = 33. List the prime factors of t.
11
Let x(v) = 2*v**2 + 2. Let p be x(4). Let z = p + -17. What are the prime factors of z?
17
Suppose -3*o = -8*o + 15. Suppose x - o*x + 32 = 0. Suppose x = -0*m + 2*m. List the prime factors of m.
2
Let f(h) = h**3 - 16*h**2 + 16*h + 2. What are the prime factors of f(15)?
17
Let k(s) = s - 2. Suppose -4*l + l + 18 = 0. What are the prime factors of k(l)?
2
Let i(u) = -4*u + 7*u + 3*u. Let g be i(3). Let n = g - 7. List the prime factors of n.
11
Suppose 3*x + 3*v = v + 15, -3*v = -9. Suppose u + x*u - 4*g - 40 = 0, 3*g - 10 = -u. What are the prime factors of u?
2, 5
Suppose -8 - 7 = -3*m. Suppose 5*q + 5*x - 67 = 53, -5*x - 100 = -m*q. What are the prime factors of q?
2, 11
Let q(j) = -3*j**2 + 5*j + 11. Let c(n) = n**2 - 1. Let y(z) = 5*c(z) + q(z). List the prime factors of y(-4).
2, 3
Suppose -c - 4*a + 254 = 0, c - 3*a = -2*c + 747. What are the prime factors of c?
2, 5
Let g(n) be the third derivative of n**6/120 + 3*n**5/20 - 5*n**4/12 + n**3/3 + n**2. Suppose -2*t = -s + 15, -2 = -4*s - 22. List the prime factors of g(t).
2
What are the prime factors of (23/3)/((-3)/(-18))?
2, 23
Let t(c) = 28*c**2 - c - 1. Let z(u) = u**3 - 5*u**2 - 5*u - 7. Let m be z(6). List the prime factors of t(m).
2, 7
Suppose x + 0*x - 124 = 0. Let i = x - 85. List the prime factors of i.
3, 13
Let q(a) = 0*a**2 + 11 - 4*a - 10 + 2*a**2. What are the prime factors of q(3)?
7
Suppose -4*x + g + 10 = 0, -13 - 6 = -5*x - 2*g. Let o = x - -8. What are the prime factors of o?
11
Let x(d) = d**3 + 6*d**2 + d - 9. What are the prime factors of x(-5)?
11
Let y(s) be the first derivative of -s**3/3 + 4*s**2 - 5*s + 4. What are the prime factors of y(3)?
2, 5
Let q(g) = g**2 - g + 1. Let s be q(3). Suppose -2 = -w, 12 = 4*t - 3*w - 2. Let h = t + s. List the prime factors of h.
2, 3
Let f = -15 - -25. List the prime factors of f.
2, 5
Let f(x) = -x**3 - 7*x**2 - 4*x + 4. Let z be f(-7). Let u = z - 21. List the prime factors of u.
11
Let n(t) = 2*t**3 - 7*t**2 - 7*t + 4. Let u be n(6). Let h = -94 + u. What are the prime factors of h?
2, 3
Let m(q) be the second derivative of -17/2*q**2 + 1/3*q**3 + 0 + 4*q. List the prime factors of m(12).
7
Suppose 4*r - 3*f = 126, -3*r + 126 - 17 = 5*f. List the prime factors of r.
3, 11
Suppose -4 = -h + 2*h, -10 = -r + 3*h. Suppose 5*q = 5*v - 60, -3*q + v + 17 - 45 = 0. List the prime factors of 15/r*q/6.
2, 5
Suppose -19 = -2*t + 3*x, t - 3*x - 1 = 4. Let w = 14 + t. List the prime factors of w.
2, 7
Let d be 10/(-15) + 47/3. Suppose i + 2*i = d. What are the prime factors of i?
5
Let r = -1 - -7. Suppose 2*s = r*s - 8. Suppose g - 4*k + 16 = 0, s*g = -g + 3*k - 3. What are the prime factors of g?
2
Let u be ((-21)/(-5))/(6/30). Let y = u + -13. List the prime factors of (1/(-2))/(y/(-128)).
2
Let y = 27 - 19. Let k = y + 0. List the prime factors of k.
2
Let h be ((-6)/9)/((-1)/(-3)). List the prime factors of (h/(-6))/(3/207).
23
Let c be -35 - (-6)/((-12)/(-4)). Let d = 77 + c. List the prime factors of d.
2, 11
Suppose -36 = -4*h - 16. Suppose -h*r = 5*x + 270, 3*x + r - 52 = 4*x. Let t = x + 75. List the prime factors of t.
2, 11
Let k =